est common factor of 72 and 13194.
18
Calculate the highest common divisor of 23885 and 2125.
85
What is the greatest common divisor of 682 and 119768?
22
What is the greatest common divisor of 316 and 436?
4
What is the greatest common factor of 96 and 1026336?
96
What is the highest common factor of 505324 and 76?
76
Calculate the highest common divisor of 50 and 6350.
50
What is the greatest common factor of 66 and 7662?
6
Calculate the highest common factor of 12054 and 209223.
861
Calculate the greatest common factor of 560 and 1033970.
70
Calculate the highest common divisor of 270 and 3594.
6
Calculate the greatest common divisor of 181 and 476392.
181
What is the greatest common divisor of 84 and 40593?
21
Calculate the highest common factor of 49893 and 6.
3
Calculate the greatest common factor of 269184 and 224.
32
Calculate the greatest common divisor of 64014 and 1692.
282
What is the highest common divisor of 4195712 and 32?
32
What is the highest common factor of 186439 and 1496?
187
Calculate the greatest common factor of 1124268 and 912.
228
Calculate the greatest common factor of 13865 and 5015.
295
Calculate the greatest common divisor of 491877 and 17329.
1333
Calculate the highest common divisor of 4176 and 7072.
16
Calculate the greatest common divisor of 23385 and 20.
5
What is the greatest common factor of 770 and 593054?
154
What is the highest common divisor of 2152 and 472?
8
What is the highest common factor of 2645 and 837407?
529
Calculate the highest common factor of 2695 and 4147.
11
Calculate the greatest common divisor of 460 and 607430.
230
Calculate the greatest common factor of 5710 and 460.
10
Calculate the highest common factor of 486378 and 108.
54
Calculate the greatest common divisor of 24 and 47832.
24
What is the highest common divisor of 140699 and 948?
79
What is the greatest common factor of 572 and 3718?
286
Calculate the highest common divisor of 4496 and 2529.
281
What is the greatest common factor of 52 and 54688?
4
Calculate the greatest common divisor of 220253 and 143.
11
What is the highest common divisor of 5056506 and 162?
162
Calculate the highest common factor of 39 and 105729.
39
What is the highest common factor of 331 and 7623923?
331
Calculate the highest common divisor of 20832 and 36.
12
Calculate the highest common divisor of 595 and 8806.
119
Calculate the greatest common factor of 123 and 28659.
123
Calculate the greatest common divisor of 411284 and 2290.
458
What is the greatest common factor of 248 and 51088?
248
Calculate the greatest common factor of 1457 and 2585.
47
What is the greatest common factor of 198 and 40414?
22
What is the highest common divisor of 212541 and 812?
203
Calculate the highest common factor of 65626 and 942.
314
Calculate the highest common factor of 2394 and 224.
14
Calculate the highest common factor of 103872 and 168.
24
What is the highest common divisor of 830 and 1490?
10
Calculate the greatest common factor of 18018 and 19602.
198
What is the greatest common divisor of 8706 and 78?
6
What is the greatest common divisor of 901 and 14310?
53
Calculate the highest common divisor of 386498 and 304.
38
Calculate the greatest common factor of 32500 and 260.
260
Calculate the greatest common divisor of 574 and 1128484.
574
What is the greatest common divisor of 3090 and 165?
15
What is the highest common factor of 975 and 1820975?
325
Calculate the highest common factor of 155 and 97495.
155
Calculate the highest common factor of 47369 and 28987.
707
Calculate the highest common divisor of 116 and 27724.
116
Calculate the highest common divisor of 2040 and 2880.
120
Calculate the highest common factor of 249 and 996.
249
What is the greatest common divisor of 1456 and 448?
112
What is the greatest common factor of 18 and 549630?
18
Calculate the greatest common factor of 409214 and 26.
26
What is the highest common divisor of 28 and 142723?
7
What is the greatest common factor of 938 and 1598218?
134
Calculate the greatest common factor of 99 and 141647.
11
What is the highest common divisor of 7166 and 14?
2
What is the greatest common divisor of 518722 and 838?
838
What is the greatest common divisor of 2464 and 83600?
176
What is the highest common divisor of 9 and 18433539?
9
What is the greatest common divisor of 584 and 11023?
73
Calculate the greatest common divisor of 340 and 1954660.
340
Calculate the greatest common factor of 4307 and 1168.
73
Calculate the greatest common factor of 36 and 2414.
2
Calculate the greatest common divisor of 6454959 and 1281.
1281
Calculate the greatest common divisor of 6446 and 4730.
22
Calculate the highest common factor of 2052 and 2835.
27
Calculate the highest common divisor of 7112 and 64897.
889
Calculate the greatest common factor of 1636 and 28221.
409
Calculate the greatest common factor of 1147 and 5903609.
1147
What is the greatest common divisor of 11034 and 241522?
1226
What is the greatest common factor of 62069 and 35?
7
What is the highest common factor of 34 and 2174?
2
What is the greatest common factor of 2619148 and 147?
49
Calculate the greatest common factor of 835 and 6455.
5
Calculate the highest common factor of 11012385 and 15.
15
Calculate the highest common divisor of 3342 and 1062.
6
What is the highest common divisor of 196 and 7798?
14
Calculate the greatest common divisor of 6521337 and 1161.
1161
What is the highest common divisor of 167 and 8183?
167
What is the highest common divisor of 23355 and 2403?
27
Calculate the greatest common divisor of 179660 and 1690.
130
What is the highest common factor of 97 and 73332?
97
What is the highest common factor of 101 and 214726?
101
What is the highest common divisor of 464 and 2528?
16
Calculate the greatest common divisor of 12411 and 3349.
197
What is the highest common divisor of 352 and 49792?
32
Calculate the highest common divisor of 202 and 13130.
202
What is the highest common divisor of 146329 and 82?
41
Calculate the greatest common divisor of 2829 and 4623.
69
What is the highest common factor of 20368 and 1808?
16
Calculate the highest common divisor of 570 and 661390.
190
Calculate the greatest common factor of 4860 and 1887840.
540
What is the highest common factor of 114 and 432402?
114
Calculate the highest common factor of 200585 and 1155.
385
What is the highest common divisor of 175 and 43925?
175
What is the greatest common divisor of 3 and 38163?
3
Calculate the greatest common divisor of 11380 and 160.
20
Calculate the highest common divisor of 155 and 115.
5
What is the highest common factor of 147975 and 150?
75
What is the greatest common divisor of 63 and 32?
1
Calculate the highest common factor of 2768 and 1312.
16
What is the greatest common divisor of 31367 and 1218?
7
What is the highest common factor of 377760 and 800?
160
Calculate the highest common divisor of 179344 and 528.
176
What is the highest common divisor of 9238 and 496?
62
What is the greatest common divisor of 509476 and 154?
22
Calculate the highest common divisor of 604025 and 1306.
653
Calculate the greatest common factor of 19173 and 116424.
231
Calculate the greatest common divisor of 142 and 324257.
71
What is the highest common divisor of 12243 and 766857?
1113
Calculate the greatest common divisor of 89 and 33464.
89
What is the highest common factor of 310 and 47585?
155
Calculate the greatest common factor of 5448 and 5712.
24
Calculate the greatest common factor of 544 and 7776.
32
What is the greatest common factor of 2439 and 72?
9
What is the highest common factor of 381105 and 45?
45
What is the greatest common factor of 26086 and 302?
2
Calculate the greatest common factor of 62 and 142445.
31
What is the greatest common divisor of 22 and 1212266?
22
What is the greatest common factor of 54 and 87597?
9
What is the highest common divisor of 66913 and 15484?
553
What is the highest common divisor of 65 and 21580?
65
Calculate the highest common divisor of 2455 and 10.
5
What is the greatest common factor of 155500 and 48500?
500
Calculate the greatest common divisor of 1226 and 2619349.
613
What is the greatest common divisor of 804865 and 1114?
557
Calculate the greatest common factor of 944 and 218418.
118
What i